e thousands digit of 1351?
1
What is the hundreds digit of 637?
6
What is the units digit of 1184?
4
What is the units digit of 49383?
3
What is the tens digit of 953?
5
What is the tens digit of 1207?
0
What is the hundreds digit of 87186?
1
What is the tens digit of 146722?
2
What is the hundreds digit of 3370?
3
What is the ten thousands digit of 18735?
1
What is the tens digit of 1444?
4
What is the hundreds digit of 859?
8
What is the hundreds digit of 5642?
6
What is the units digit of 2891?
1
What is the hundreds digit of 809?
8
What is the thousands digit of 8730?
8
What is the ten thousands digit of 60140?
6
What is the hundreds digit of 1042?
0
What is the hundreds digit of 2701?
7
What is the hundreds digit of 315?
3
What is the hundreds digit of 11611?
6
What is the tens digit of 275?
7
What is the hundreds digit of 11150?
1
What is the tens digit of 485?
8
What is the thousands digit of 20708?
0
What is the units digit of 59612?
2
What is the tens digit of 1136?
3
What is the thousands digit of 1008?
1
What is the thousands digit of 4371?
4
What is the units digit of 1241?
1
What is the units digit of 936?
6
What is the units digit of 25314?
4
What is the thousands digit of 47546?
7
What is the tens digit of 15537?
3
What is the hundreds digit of 1617?
6
What is the hundreds digit of 146397?
3
What is the thousands digit of 6046?
6
What is the thousands digit of 2577?
2
What is the tens digit of 68190?
9
What is the hundreds digit of 2743?
7
What is the units digit of 371?
1
What is the units digit of 1533?
3
What is the tens digit of 1710?
1
What is the units digit of 606?
6
What is the hundreds digit of 18248?
2
What is the tens digit of 806?
0
What is the hundreds digit of 6812?
8
What is the tens digit of 574?
7
What is the ten thousands digit of 97053?
9
What is the thousands digit of 74893?
4
What is the thousands digit of 2823?
2
What is the tens digit of 10139?
3
What is the thousands digit of 130118?
0
What is the hundreds digit of 1026?
0
What is the units digit of 8806?
6
What is the hundreds digit of 598?
5
What is the thousands digit of 7686?
7
What is the hundred thousands digit of 134176?
1
What is the tens digit of 1068?
6
What is the units digit of 21658?
8
What is the units digit of 73939?
9
What is the tens digit of 1161?
6
What is the tens digit of 46687?
8
What is the units digit of 710?
0
What is the units digit of 689?
9
What is the hundreds digit of 8704?
7
What is the tens digit of 48935?
3
What is the tens digit of 18852?
5
What is the hundreds digit of 15245?
2
What is the thousands digit of 29703?
9
What is the tens digit of 2514?
1
What is the units digit of 66469?
9
What is the tens digit of 16646?
4
What is the thousands digit of 71327?
1
What is the hundreds digit of 961?
9
What is the thousands digit of 2008?
2
What is the tens digit of 63952?
5
What is the thousands digit of 23198?
3
What is the units digit of 2439?
9
What is the hundreds digit of 513?
5
What is the thousands digit of 3607?
3
What is the thousands digit of 5133?
5
What is the units digit of 7380?
0
What is the units digit of 3870?
0
What is the ten thousands digit of 17241?
1
What is the ten thousands digit of 32899?
3
What is the units digit of 5560?
0
What is the hundreds digit of 120170?
1
What is the tens digit of 6234?
3
What is the hundreds digit of 40850?
8
What is the hundreds digit of 3640?
6
What is the tens digit of 60001?
0
What is the hundred thousands digit of 104521?
1
What is the units digit of 38325?
5
What is the units digit of 1173?
3
What is the ten thousands digit of 183213?
8
What is the tens digit of 8154?
5
What is the hundreds digit of 1407?
4
What is the hundreds digit of 1110?
1
What is the units digit of 337?
7
What is the tens digit of 970?
7
What is the tens digit of 48989?
8
What is the units digit of 1619?
9
What is the tens digit of 29085?
8
What is the hundreds digit of 13301?
3
What is the thousands digit of 1731?
1
What is the ten thousands digit of 17821?
1
What is the units digit of 380?
0
What is the thousands digit of 1076?
1
What is the units digit of 1651?
1
What is the units digit of 642?
2
What is the hundreds digit of 1039?
0
What is the units digit of 62379?
9
What is the hundreds digit of 5532?
5
What is the hundreds digit of 2617?
6
What is the ten thousands digit of 75954?
7
What is the units digit of 374?
4
What is the units digit of 77204?
4
What is the hundreds digit of 2443?
4
What is the tens digit of 6488?
8
What is the thousands digit of 1703?
1
What is the units digit of 13707?
7
What is the hundreds digit of 999?
9
What is the thousands digit of 2708?
2
What is the tens digit of 151610?
1
What is the hundreds digit of 714?
7
What is the units digit of 698?
8
What is the tens digit of 147?
4
What is the hundreds digit of 7352?
3
What is the tens digit of 686?
8
What is the tens digit of 23599?
9
What is the units digit of 8247?
7
What is the hundreds digit of 423?
4
What is the units digit of 3473?
3
What is the tens digit of 1273?
7
What is the tens digit of 20741?
4
What is the thousands digit of 5275?
5
What is the tens digit of 1172?
7
What is the thousands digit of 148579?
8
What is the hundreds digit of 97858?
8
What is the ten thousands digit of 10718?
1
What is the units digit of 21133?
3
What is the hundreds digit of 16773?
7
What is the hundreds digit of 1012?
0
What is the units digit of 1053?
3
What is the tens digit of 2515?
1
What is the units digit of 10112?
2
What is the units digit of 29490?
0
What is the tens digit of 37067?
6
What is the hundreds digit of 30973?
9
What is the hundreds digit of 4866?
8
What is the ten thousands digit of 43511?
4
What is the tens digit of 3136?
3
What is the hundreds digit of 4882?
8
What is the units digit of 76171?
1
What is the ten thousands digit of 99567?
9
What is the hundreds digit of 404?
4
What is the hundreds digit of 285?
2
What is the units digit of 8730?
0
What is the tens digit of 517?
1
What is the hundreds digit of 1895?
8
What is the units digit of 523?
3
What is the tens digit of 7909?
0
What is the tens digit of 10767?
6
What is the tens digit of 47139?
3
What is the ten thousands digit of 33381?
3
What is the hundreds digit of 2426?
4
What is the tens digit of 2295?
9
What is the tens digit of 1652?
5
What is the units digit of 24198?
8
What is the units digit of 7588?
8
What is the units digit of 2380?
0
What is the ten thousands digit of 20100?
2
What is the units digit of 1215?
5
What is the units digit of 1798?
8
What is the units digit of 7058?
8
What is the units digit of 50606?
6
What is the hundreds digit of 33901?
9
What is the thousands digit of 1136?
1
What is the units digit of 5527?
7
What is the hundreds digit of 21932?
9
What is the thousands digit of 13749?
3
What is the ten thousands digit of 12781?
1
What is the tens digit of 1231?
3
What is the tens digit of 951?
5
What is the hundred thousands digit of 146307?
1
What is the hundreds digit of 159?
1
What is the thousands digit of 14089?
4
What is the hundreds digit of 16809?
8
What is the tens digit of 110595?
9
What is the thousands digit of 1386?
1
What is the tens digit of 710?
1
What is the hundreds digit of 1489?
4
What is the hundreds digit of 8228?
2
What is the thousands digit of 6810?
6
What is the hundreds digit of 852?
8
What is the units digit of 3624?
4
What is the tens digit of 1719?
1
What is the hundreds digit of 9141?
1
What is the units digit of 214?
4
What is the units digit of 1643?
3
What is the tens digit of 6181?
8
What is the units digit of 1051?
1
What is the tens digit of 6681?
8
What is the ten thousands digit of 25151?
2
What is the hundreds digit of 2090?
0
What is the tens digit of 6691?
9
What is the thousands digit of 5178?
5
What is the tens digit of 1041?
4
What is the tens digit of 71123?
2
What is the units digit of 693?
3
What is the ten thousands digit of 50318?
5
What is the units digit of 2651?
1
What is the hundreds digit of 4778?
7
What is the units digit of 41100?
0
What is the tens digit of 66?
6
What is the hundreds digit of 24057?
0
What is the hundreds digit of 17835?
8
What is the units digit of 7015?
5
What is the thousands digit of 2920?
2
What is the hundreds digit of 179040?
0
Wha